. Let t be r(1). Let p(g) = -g**3 - g**2 - 2*g - 2. Calculate p(t).
6
Let x(t) be the third derivative of t**7/5040 + t**6/80 + t**5/15 + t**2. Let z(o) be the third derivative of x(o). Suppose w + 8 = -w. Calculate z(w).
5
Let m(t) = t**3 + 6*t**2 + 6*t + 6. Let p be m(-5). Suppose -w + p = -2*w. Let c(o) be the first derivative of 2*o**2 + 1. Calculate c(w).
-4
Let t(o) = -o**3 + 3*o**2 + 4*o + 2. Let a(x) = x**2 - 2*x + 4. Let n be a(2). Determine t(n).
2
Let l(c) be the third derivative of c**6/120 - c**5/30 - c**4/24 - c**3/6 - c**2. Let w be l(3). Suppose -31 = w*b - 11. Let u(p) = -p + 5. Give u(b).
9
Let t(v) = -v - 4. Let u(z) = 4*z + 16. Let l(o) = 22*t(o) + 6*u(o). Suppose 3 = -a + d, 2*a = -5*d - 15 - 19. Determine l(a).
-6
Let v(d) = -7*d + 2 + 2*d + 0. Let f = 2 - 0. Give v(f).
-8
Let h(u) = u**2 + 5*u - 8. Let g = 12 + -18. Give h(g).
-2
Let k(f) = f**2 - 3*f - 6. Let p be k(5). Let y(n) = 48 + n**3 - 4*n - 46 - p*n**2 - n. Suppose -5*m + 15 = 5*s - 3*m, 10 = s - m. What is y(s)?
2
Let u(v) = -v**3 + 4*v**2 + 3*v + 5. Suppose -y - 2*y + 27 = 2*f, -2*f + 4*y + 48 = 0. Let j = f - 13. Calculate u(j).
-5
Let s(n) = -n + 7. Suppose 5*a - 2*r + 12 = -11, a + r = 1. Let g be (-4 + 2)/(2/a). Give s(g).
4
Let d(u) = u**3 + u**2. Suppose -3*r = 5*y - 4*r - 6, y - 4*r = 5. Suppose y = -x - 0. Determine d(x).
0
Let i = -29 - -17. Let k be 26/8 - (-3)/i. Let s(t) = -1 + 5*t + 5*t**2 - t - k*t. Determine s(1).
5
Let m(z) be the second derivative of z**3 + z**2/2 - 3*z. Give m(2).
13
Let q(m) = -m - 1. Suppose l + 6 = -2*l. Determine q(l).
1
Suppose 5*m = a + 5, 11*m - 9*m - 2 = 2*a. Let o(i) be the second derivative of -i**4/12 + 4*i**2 - i. Calculate o(a).
8
Suppose -2*n + 3*n + 6 = -k, 4*n + 29 = -5*k. Let s(z) = -3*z**2 - z - 1. Calculate s(n).
-3
Let n(d) = -4*d**2 + 5*d - 5. Let c(p) = -5*p**2 + 5*p - 6. Let m(f) = -5*c(f) + 6*n(f). What is m(-5)?
0
Let f(g) = g**2 - 25*g - 29*g - 3 + 72*g - 26*g. Calculate f(5).
-18
Let j(l) = -7*l**2 + 4*l - 2. Let v(p) = p**2 - 4*p + 5. Let d be v(3). Determine j(d).
-22
Suppose -2 = -i + 1. Let r(m) = -6*m**3 + m**2 - m - 1. Let d be r(-1). Suppose -1 = -c - i*h, c + c = -h + d. Let l(b) = b**2 - 3*b - 3. What is l(c)?
1
Let n(t) be the first derivative of -3*t**4/2 - 2*t**3/3 + t - 4. Let c = 3 - 4. Determine n(c).
5
Let q(k) = 5*k - 12*k - 2 + k**3 + 6*k**2 + 0. What is q(-7)?
-2
Let c(s) = s**2 - 12*s + 1. Suppose u - 3*a = 6, -a - 44 - 14 = -5*u. Let b be c(u). Let g(d) be the first derivative of -d**2 - 1. Give g(b).
-2
Let c = -3 - -7. Let n(f) = -c + 4*f + 0 - 2 + 0. Calculate n(4).
10
Suppose 7*g - 21 = -0*g. Suppose q - 2*m = 1, q - m - 5 = g*m. Let k(j) = j**2 + 4*j + 4. What is k(q)?
1
Let z(g) = -2 - 3*g - 16 + 5 + 1 - 3*g**2. Let l(c) = -8*c**2 - 9*c - 35. Let d(o) = -4*l(o) + 11*z(o). Determine d(6).
-10
Let u be (-2)/(-4) - 34/(-4). Let p(r) = -r + 11. Determine p(u).
2
Let q(s) be the first derivative of -4*s**3/3 - s**2/2 + 18. Give q(-1).
-3
Let k(z) = z - 3. Let v = -15 + 18. Suppose 0*l - 9 = v*l. Determine k(l).
-6
Let v(l) be the first derivative of -l**3/3 - l**2 - 2*l + 4. Let i(b) = b + 7. Let j be i(-9). What is v(j)?
-2
Let v(w) = -6*w**3 - 30*w**2 + 41*w + 6. Let h(a) = a**3 + 6*a**2 - 8*a - 1. Let b(y) = -11*h(y) - 2*v(y). Suppose -2*d = -5*d + 12. Give b(d).
-9
Let q be (-1 + 2)/(1 + -2). Let w = q - -4. Let h(a) = -w*a + 2 + 4*a + 4. What is h(-5)?
1
Let w(b) be the first derivative of -4*b**3/3 - b + 8. Let i be 8/(-36) - (-7)/(-9). Calculate w(i).
-5
Let v(c) = -c**3 + 3*c**2 + c. Suppose a = 3*g - 35, 3 + 16 = 2*g - 5*a. Suppose 0 = j - 5*o + 41, 2*j + 39 = -4*o - 1. Let n be (-3)/g + j/(-8). What is v(n)?
3
Let p(w) = 5*w**2 - w. Suppose -5*v + 11 - 6 = 0. Give p(v).
4
Let n(i) = 5 - 2*i - 17*i**3 - 7 - 3*i**2 + 15*i**3. Give n(-2).
6
Let x(s) = -2*s - 6. Let h(n) = 4*n + 12. Let w(a) = -3*h(a) - 5*x(a). Let i be (6/2 - -1)*-1. Give w(i).
2
Let s(p) = 4*p + 15. Suppose 4*b - 34 = 46. Let i = -13 + b. Let a(r) = -3*r - 10. Let j(c) = i*a(c) + 5*s(c). Give j(5).
0
Let y(n) = 2*n. Let x be y(-2). Let m(h) = -h**2 - 7*h - 6. Give m(x).
6
Let j(g) = -g - 4. Let w(x) = -1. Let t(n) = j(n) - 6*w(n). Determine t(-2).
4
Suppose -3*b + 7 = -5. Let f be (-1 + b)*(1 - 0). Let o(v) = 0*v - v + f - 1. Calculate o(4).
-2
Let u(f) be the second derivative of f**6/720 - f**5/24 + f**4/4 + 2*f. Let v(c) be the third derivative of u(c). Give v(4).
-1
Let q(i) = i**3 + 2*i**2 + 2*i + 2. Let t be q(-2). Let j be t/(2*-1)*1. Let a(c) be the second derivative of c**5/20 + c**3/3 - c**2/2 - 13*c. Determine a(j).
2
Suppose 0 = 5*k + 3*n, k + 0*k - 13 = 2*n. Let h(r) = r**3 - 2*r**2 - r - 4. What is h(k)?
2
Let b(a) = 2 - a - 2. Let n be 17/4 - 4/16. Let j be (n + -3)/((-2)/6). Calculate b(j).
3
Suppose 5*b = 2*b + 12. Let h(g) = 0 + g + 0 - b. Determine h(2).
-2
Let f(c) = 4*c**2 + 1 - c**3 + 5*c + 4 - 1 + 0. Let k be (-2 - (-3)/2)*0. Suppose k = -2*b + 10 - 0. Give f(b).
4
Suppose 0*g + 15 = 3*g, 2*m - 2*g + 2 = 0. Let y(p) be the third derivative of p**2 + 0*p + 0 + 2/3*p**3 + 1/24*p**m. What is y(-2)?
2
Let f(b) = -2*b**3 - 3 - 2*b**3 - b**2 + 3*b**3 - 2*b**2. Let u be (-1)/(21/9 + -2). Let m = 0 + u. Determine f(m).
-3
Let h be 3/((-6)/(-4)) - 5. Let j(p) = -5*p + 2. Give j(h).
17
Let z(d) = -d**2 - 4*d - 2. Let y be z(-2). Let l be y - 7/(0 + 1). Let v(a) = -a**3 - 4*a**2 + 3*a - 2. Give v(l).
8
Let f(r) = -3*r**3 + 13*r**2 - r - 2. Let x(h) = -2*h**3 + 7*h**2 - h - 1. Let b(z) = -3*f(z) + 5*x(z). Determine b(-4).
9
Let r(d) be the first derivative of d**3/3 - 2*d + 41. Suppose 5*j - 5 = -5*x - 0*j, -2*j = 4*x - 4. Let t = -1 - x. Give r(t).
2
Let t(p) = -21*p**2 + 11. Let b(c) = -11*c**2 + 6. Let h(z) = 11*b(z) - 6*t(z). Let w(v) = 4*v**2. Let x(i) = 3*h(i) - 4*w(i). Give x(2).
-4
Let z(c) = c + 1. Suppose 2*t + 1 = -3*q, 2*t + 2*q = -10 + 4. Let b be (-58)/7 - (-6)/21. Let h = b - t. Determine z(h).
1
Suppose 6*o + 5 = o. Let f(b) = b**2 - 7*b + 8. Let c be f(6). Let s(k) = -3*k**3 + 1 + 0*k**c - 4*k - k**2 + 5*k. Give s(o).
2
Let z(m) = 3*m**3 - 24*m**2 + 4*m + 37. Let n(p) = p**3 - 8*p**2 + p + 12. Let h(u) = 7*n(u) - 2*z(u). What is h(8)?
2
Let l(m) = m - 5. Let u be l(7). Suppose -3*j = -3*s - 12, -u*s + 1 = -j + 6. Let c(t) = 4*t**3 - 2*t**2 - t. What is c(s)?
-5
Let w = -117 + 125. Let j(c) = c**2 - 10*c + 7. What is j(w)?
-9
Suppose 2*n + 23 = 19. Let u(z) = -5*z**2 + 2*z + 3. Determine u(n).
-21
Suppose h = 2*h - 4. Let r(q) = q**2 - 2*q + 5. Let y(j) = 2*j**2 - 3*j + 11. Let d(s) = -9*r(s) + 4*y(s). What is d(h)?
7
Let s = -3 - -5. Let m(h) = -2*h + 3. Let k(c) = -c**2 - 5*c + 8. Let g(f) = 3*k(f) - 8*m(f). Calculate g(s).
-10
Suppose -4*b + 7*b = 945. Let m(o) = b*o**2 - 4*o - 3*o - 317*o**2 - 5. Determine m(-4).
-9
Let t(b) = -b**3 + 5*b**2 - 5. Let x(w) = 4*w. Let v be x(1). Give t(v).
11
Let g(l) = 7*l + 7. Let n(h) = 1. Let m(u) = g(u) - 7*n(u). Calculate m(2).
14
Let r(i) = -i**2 - i + 1. Let n(f) = 6*f**2 + 11*f - 1. Suppose 6*l - 3*l = 0. Suppose t + l + 1 = 0. Let v(j) = t*n(j) - 5*r(j). What is v(-4)?
4
Let a(c) = -c. Let b be -1 + 1 - (-4 - -2). Suppose -4*i = -5*v - b, 4*v + i - 2 = 9. Let d be (2 - 8 - -3) + v. What is a(d)?
1
Let a(d) = d + 1. Let l(j) = 2*j - 1 + 2 + 7. Let y = -3 - -2. Let f(c) = y*l(c) + 5*a(c). Give f(4).
9
Let a(j) be the first derivative of j**4/4 + j**3 - 7*j**2/2 - 6*j + 1. Suppose -3*n + 12 = -4*n. Let k = n + 8. What is a(k)?
6
Let w(h) = -4*h**2 + 4. Let c(s) = -5*s**2 + 4. Let i(m) = -m**3 + 6*m**2 - 6. Let d = 14 - 8. Let x be i(d). Let p(y) = x*w(y) + 5*c(y). Calculate p(0).
-4
Let g(h) be the second derivative of -h**4/12 + 2*h**2 - h. Suppose 10*u - 5*u = 20. Determine g(u).
-12
Suppose 40*a - 12 = 37*a. Let q(i) be the third derivative of i**6/120 - i**5/15 - i**2. Determine q(a).
0
Let a(k) = 2*k**2 + 3*k - 4. Let i be a(-3). Let d = 3 - i. Let z(q) = q**3 + 4*q**2 + q + 2. What is z(d)?
8
Let w = 4 - -1. Let l(j) = -4229*j**2 + 4230*j**2 + 6 - 9*j + 3*j. Determine l(w).
1
Let v(s) be the first derivative of -s**2/2 - 7*s - 3. Calculate v(-4).
-3
Let h be 71 + (-5)/(15/6). Let f be (-6)/(-15) + h/15. Let u(t) = t + t**3 - 2*t**2 - 1 - 3*t**2 - 3 + 5. Calculate u(f).
6
Let b(s) = -7*s**2 + 11*s**3 + 6*s**3 + 8 + 5*s - 16*